{"id":54,"date":"2015-11-21T11:03:33","date_gmt":"2015-11-21T10:03:33","guid":{"rendered":"http:\/\/fledermauszug-deutschland.de\/?page_id=54"},"modified":"2018-03-07T15:42:37","modified_gmt":"2018-03-07T14:42:37","slug":"einstieg-2","status":"publish","type":"page","link":"https:\/\/www.fledermauszug-deutschland.de\/","title":{"rendered":"Einstieg und interaktive Karte"},"content":{"rendered":"<h3>interaktive Karte<\/h3>\n<p>(Stand: aktuelles Datum)<\/p>\n<style>\n       .errordiv { padding:10px; margin:10px; border: 1px solid #555555;color: #000000;background-color: #f8f8f8; width:500px; }#advanced_iframe {visibility:visible;opacity:1;vertical-align:top;}.ai-info-bottom-iframe { position: fixed; z-index: 10000; bottom:0; left: 0; margin: 0px; text-align: center; width: 100%; background-color: #ff9999; padding-left: 5px;padding-bottom: 5px; border-top: 1px solid #aaa } a.ai-bold {font-weight: bold;}#ai-layer-div-advanced_iframe p {height:100%;margin:0;padding:0}<\/style><script type=\"text\/javascript\">var ai_iframe_width_advanced_iframe = 0;var ai_iframe_height_advanced_iframe = 0;var aiOnloadScrollTop=\"true\";var aiShowDebug=false;\n\t\tif (typeof aiReadyCallbacks === 'undefined') {\n\t\t\tvar aiReadyCallbacks = [];\n\t\t} else if (!(aiReadyCallbacks instanceof Array)) {\n\t\t\tvar aiReadyCallbacks = [];\n\t\t}    function aiShowIframeId(id_iframe) { jQuery(\"#\"+id_iframe).css(\"visibility\", \"visible\");    }    function aiResizeIframeHeight(height) { aiResizeIframeHeight(height,advanced_iframe); }    function aiResizeIframeHeightId(height,width,id) {aiResizeIframeHeightById(id,height);}<\/script><iframe id=\"advanced_iframe\"  name=\"advanced_iframe\"  src=\"https:\/\/cloud.multibasecs.de\/CloudPages\/76\/Map.aspx\"  width=\"800px\"  height=\"800\"  scrolling=\"no\"  frameborder=\"0\"  border=\"0\"  allowtransparency=\"true\"  loading=\"lazy\"  style=\";border-width: 0px;;border: none;;width:800px;;height:800px;\" ><\/iframe><script type=\"text\/javascript\">var ifrm_advanced_iframe = document.getElementById(\"advanced_iframe\");var hiddenTabsDoneadvanced_iframe = false;\nfunction resizeCallbackadvanced_iframe() {}<\/script><script type=\"text\/javascript\"><\/script><p style=\"display:block !important; visibility:visible !important;margin: -18px 14px 0 0;padding-left: 3px;padding-top:3px;background: white; overflow: hidden; position: relative; line-height:15px;width: fit-content;\"><small style=\"display:block !important;visibility:visible !important\">powered by Advanced iFrame<\/small><\/p>\n<h3>Legende<\/h3>\n<p><img loading=\"lazy\" decoding=\"async\" class=\"alignnone wp-image-1263 size-full\" src=\"https:\/\/www.fledermauszug-deutschland.de\/wp-content\/uploads\/2018\/03\/Legende-Interaktive-Karte_orange.png\" alt=\"\" width=\"384\" height=\"122\" srcset=\"https:\/\/www.fledermauszug-deutschland.de\/wp-content\/uploads\/2018\/03\/Legende-Interaktive-Karte_orange.png 384w, https:\/\/www.fledermauszug-deutschland.de\/wp-content\/uploads\/2018\/03\/Legende-Interaktive-Karte_orange-300x95.png 300w\" sizes=\"auto, (max-width: 384px) 100vw, 384px\" \/><\/p>\n<h3>Hinweis<\/h3>\n<p>Bei verschiedenen Nachweismethoden am gleichen Ort wird der oberste Layer angezeigt. Darunterliegende Nachweise werden verdeckt. Die Legende spiegelt gleichzeitig die Layerreihenfolge wider.<\/p>\n<h3>Einstieg<\/h3>\n<p>Einige europ\u00e4ische Fledermausarten zeigen ein \u00e4hnliches Verhalten wie Zugv\u00f6gel, sie migrieren (Fledermauszug) zwischen den \u00dcberwinterungsgebieten und den \u00dcbersommerungsgebieten mit Reproduktions-, Paarungs- und Zwischenquartieren. Durch die wissenschaftliche Fledermausmarkierung (Beringung) mit Unterarmklammern konnten Wiederfunde zwischen den Sommervorkommen und \u00dcberwinterungsgebieten dokumentiert werden. Belegt sind gegenw\u00e4rtig Migrationen \u00fcber sehr weite Entfernungen vom <strong>Gro\u00dfen Abendsegler<\/strong> <em>(Nyctalus noctula)<\/em> bis <strong>1.546 km <\/strong>(Strelkov 1969), vom <strong>Kleinabendsegler<\/strong> <em>(Nyctalus leisleri)<\/em> bis <strong>1.567 km<\/strong> (Ohlendorf et al. 2000), von der <strong>Zweifarbfledermaus<\/strong> <em>(Vespertilio murinus)<\/em> bis <strong>1.780 km<\/strong> (Markovets\u00a0 et al. 2004) und der <strong>Rauhautfledermaus<\/strong> <em>(Pipistrellus nathusii)<\/em> bis <strong>1.905 km <\/strong>(Petersons 1990). Der Zug dieser Arten vollzieht sich nach bisherigen Ergebnissen von Nordosten (Sommerquartiere) nach S\u00fcden\/S\u00fcdwesten\/Westen (Winterquartiere) (Hutterer et al. 2005 und Steffens et al. 2004). Der genaue jahreszeitliche Verlauf des Fledermauszuges ist weitestgehend unbekannt. Daten zum Zugverhalten im Sp\u00e4tsommer liegen bereits vor (z.B. Steffens et al. 2004), doch diese sind meist \u00e4lteren Datums. Daten \u00fcber den Fr\u00fchjahreszug sind rar.<\/p>\n<ul>\n<li>Erfolgt der Zug im Sp\u00e4tsommer und Fr\u00fchjahr in einem Breitfrontzug?<\/li>\n<li>Wo befinden sich die Hotspots (Zugverdichtung?) w\u00e4hrend des Zuges?<\/li>\n<li>Gibt es \u00c4nderungen im Zugverhalten der Flederm\u00e4use in den letzten 20 Jahren?<\/li>\n<li>Wie wirkt sich der Klimawandel auf Fledermauspopulationen aus?<\/li>\n<li>Welchen Einfluss haben Windkraftanlagen auf den Fledermauszug?<\/li>\n<\/ul>\n<p>Fragen, die brandaktuell sind und die nur durch eine m\u00f6glichst l\u00fcckenlose Dokumentation und durch ein m\u00f6glichst engmaschiges Netz an Beobachtern beantwortet werden k\u00f6nnen. Sie alle sind aufgerufen, an dem gro\u00dfen Gesamtwerk \u201eMonitoring Fledermauszug\u201c mitzuwirken!<\/p>\n<p>Das Monitoring Fledermauszug Deutschland ist vorerst auf die Arten Rauhautfledermaus, Kleinabendsegler und Zweifarbfledermaus ausgerichtet.<\/p>\n","protected":false},"excerpt":{"rendered":"<p>interaktive Karte (Stand: aktuelles Datum) Legende Hinweis Bei verschiedenen Nachweismethoden am gleichen Ort wird der oberste Layer angezeigt. Darunterliegende Nachweise werden verdeckt. Die Legende spiegelt gleichzeitig die Layerreihenfolge wider. Einstieg <a class=\"more-link\" href=\"https:\/\/www.fledermauszug-deutschland.de\/\">Weiterlesen \u2192<\/a><\/p>\n","protected":false},"author":1,"featured_media":0,"parent":233,"menu_order":1,"comment_status":"closed","ping_status":"closed","template":"","meta":{"footnotes":""},"class_list":["post-54","page","type-page","status-publish","hentry"],"_links":{"self":[{"href":"https:\/\/www.fledermauszug-deutschland.de\/index.php\/wp-json\/wp\/v2\/pages\/54","targetHints":{"allow":["GET"]}}],"collection":[{"href":"https:\/\/www.fledermauszug-deutschland.de\/index.php\/wp-json\/wp\/v2\/pages"}],"about":[{"href":"https:\/\/www.fledermauszug-deutschland.de\/index.php\/wp-json\/wp\/v2\/types\/page"}],"author":[{"embeddable":true,"href":"https:\/\/www.fledermauszug-deutschland.de\/index.php\/wp-json\/wp\/v2\/users\/1"}],"replies":[{"embeddable":true,"href":"https:\/\/www.fledermauszug-deutschland.de\/index.php\/wp-json\/wp\/v2\/comments?post=54"}],"version-history":[{"count":11,"href":"https:\/\/www.fledermauszug-deutschland.de\/index.php\/wp-json\/wp\/v2\/pages\/54\/revisions"}],"predecessor-version":[{"id":1265,"href":"https:\/\/www.fledermauszug-deutschland.de\/index.php\/wp-json\/wp\/v2\/pages\/54\/revisions\/1265"}],"up":[{"embeddable":true,"href":"https:\/\/www.fledermauszug-deutschland.de\/index.php\/wp-json\/wp\/v2\/pages\/233"}],"wp:attachment":[{"href":"https:\/\/www.fledermauszug-deutschland.de\/index.php\/wp-json\/wp\/v2\/media?parent=54"}],"curies":[{"name":"wp","href":"https:\/\/api.w.org\/{rel}","templated":true}]}}