{"id":58,"date":"2015-11-21T11:24:42","date_gmt":"2015-11-21T10:24:42","guid":{"rendered":"http:\/\/fledermauszug-deutschland.de\/?page_id=58"},"modified":"2016-09-08T10:38:38","modified_gmt":"2016-09-08T08:38:38","slug":"hintergruende-zum-monitoring","status":"publish","type":"page","link":"https:\/\/www.fledermauszug-deutschland.de\/index.php\/projekt\/hintergruende-zum-monitoring\/","title":{"rendered":"Hintergr\u00fcnde zum Monitoring"},"content":{"rendered":"<p>Das <strong>Bonner \u00dcbereinkommen zur Erhaltung wandernder wild lebender Tierarten<\/strong> (Convention on the Conservation of Migratory Species of Wild Animals, CMS, http:\/\/www.cms.int\/en) trat 1983 in Kraft. Das Abkommen regelt den weltweiten <strong>Schutz und<\/strong> den <strong>Erhalt wandernder wild lebender Tierarten<\/strong> \u00fcber die politischen Grenzen hinweg. Laut der Bonner Konvention geh\u00f6ren alle Glattnasen <em>(Vespertilionidae)<\/em> zu den sch\u00fctzenswerten wandernden wild lebenden Tierarten (Anhang II), infolgedessen auch die im Monitoring aufgef\u00fchrten Arten.<\/p>\n<p>Des Weiteren widmet sich das <strong>Abkommen zur Erhaltung der europ\u00e4ischen Fledermauspopulationen<\/strong> (Agreement on the Conservation of Populations of European Bats, EUROBATS, <a href=\"http:\/\/www.eurobats.org\/\" target=\"_blank\">hier<\/a>) dem <strong>Schutz aller europ\u00e4ischen Fledermausarten<\/strong>. Ziel sind Regelungen zur Entnahme von Tieren, die Benennung von bedeutsamen Schutzgebieten sowie die F\u00f6rderung von Forschung, <strong>Monitoring<\/strong> und \u00d6ffentlichkeitsarbeit.<\/p>\n<p>Migrierende Fledermausarten sind auf intakte Sommer- und Winterquartiere, \u00fcberregionale Nahrungsgebiete und Tagesquartiere als Trittsteine w\u00e4hrend des Zuges angewiesen. Sie sind deshalb durch Lebensraumver\u00e4nderungen besonders gef\u00e4hrdet.<\/p>\n<p>Die Ph\u00e4nologie und der Fledermauszug der Fledermausarten sollen in einem Monitoring erfasst werden. Es gibt j\u00e4hrliche Schwankungen in der Intensit\u00e4t und in den Konzentrationsr\u00e4umen w\u00e4hrend des Zuges. Es wird davon ausgegangen, dass \u00fcber Deutschland in weiten Teilen ein <strong>Breitfrontzug<\/strong> stattfindet und es <strong>Verdichtungsr\u00e4ume<\/strong> gibt, die in einem <strong>Schmalfrontzug<\/strong> ausgepr\u00e4gt sein k\u00f6nnen. Das Wissen hierzu ist unzureichend bzw. nicht bekannt.<\/p>\n<p>Aussagen zum Zugverhalten und Nachweise vernetzter Fledermausvorkommen zwischen Sommerhabitaten und \u00dcberwinterungsgebieten sind f\u00fcr den Schutz migrierender Fledermausarten von \u00fcberregionaler Bedeutung.<\/p>\n<p>Windenergieanlagen k\u00f6nnen t\u00f6dliche Hindernisse f\u00fcr ziehende Flederm\u00e4use sein und so zu negativen Ver\u00e4nderungen in den europ\u00e4ischen Fledermauspopulationen beitragen. In der deutschlandweiten Vogel- und Fledermaus-Schlagopferdatei (D\u00fcrr-Statistik) der Vogelschutzwarte des Landes Brandenburg (<a href=\"http:\/\/www.lugv.brandenburg.de\/cms\/detail.php\/bb1.c.298583.de\" target=\"_blank\">hier<\/a>) werden alle gemeldeten Schlagopfer erfasst und korrespondieren mit der Schlagopferdatei der Landesreferenzstelle f\u00fcr Fledermausschutz Sachsen-Anhalt (<a href=\"http:\/\/www.bioreskarstsuedharz.de\/index.php?fledermausschlagopfer\" target=\"_blank\">hier<\/a>).<\/p>\n<p>In der deutschlandweiten Datei (D\u00fcrr 08\/2016) sind vom <strong>Gro\u00dfen Abendsegler<\/strong> in Deutschland (D) 1.002 und in Sachsen-Anhalt (LSA) 116 Individuen, vom <strong>Kleinabendsegler<\/strong> D 146 \/ LSA 42 , von der <strong>Rauhautfledermaus<\/strong> D 834 \/ LSA 174 und von der <strong>Zweifarbfledermaus<\/strong> D 119 \/ LSA 18 registriert.<\/p>\n<p>Nach Brinkman et al. 2011 und Voigt et al. 2015 verungl\u00fccken in Deutschland vermutlich j\u00e4hrlich ca. 250.000 Flederm\u00e4use. Dieses hat auf Dauer nicht nur Auswirkungen auf die lokalen Populationen in Deutschland.<\/p>\n<p>Durch die globale Erw\u00e4rmung werden Ver\u00e4nderungen im Migrationsverhalten der fernwandernden Fledermausarten erwartet. Beim <strong>Gro\u00dfen Abendsegler<\/strong> werden vermehrt \u00dcberwinterungen in ganz Deutschland festgestellt. Beim <strong>Kleinabendsegler<\/strong> und bei der <strong>Rauhautfledermaus<\/strong> ist m\u00f6glich, dass zunehmend mehr Individuen nicht mehr so weit ziehen, welches jedoch umfangreicher Untersuchungen bedarf. Wie sich die <strong>Zweifarbfledermaus<\/strong> als residente und ziehende Fledermaus in Deutschland verh\u00e4lt ist unerforscht. Ein fl\u00e4chendeckendes Monitoring Fledermauszug soll hierzu neue Erkenntnisse liefern.<\/p>\n","protected":false},"excerpt":{"rendered":"<p>Das Bonner \u00dcbereinkommen zur Erhaltung wandernder wild lebender Tierarten (Convention on the Conservation of Migratory Species of Wild Animals, CMS, http:\/\/www.cms.int\/en) trat 1983 in Kraft. Das Abkommen regelt den weltweiten <a class=\"more-link\" href=\"https:\/\/www.fledermauszug-deutschland.de\/index.php\/projekt\/hintergruende-zum-monitoring\/\">Weiterlesen \u2192<\/a><\/p>\n","protected":false},"author":1,"featured_media":0,"parent":233,"menu_order":2,"comment_status":"closed","ping_status":"closed","template":"","meta":{"footnotes":""},"class_list":["post-58","page","type-page","status-publish","hentry"],"_links":{"self":[{"href":"https:\/\/www.fledermauszug-deutschland.de\/index.php\/wp-json\/wp\/v2\/pages\/58","targetHints":{"allow":["GET"]}}],"collection":[{"href":"https:\/\/www.fledermauszug-deutschland.de\/index.php\/wp-json\/wp\/v2\/pages"}],"about":[{"href":"https:\/\/www.fledermauszug-deutschland.de\/index.php\/wp-json\/wp\/v2\/types\/page"}],"author":[{"embeddable":true,"href":"https:\/\/www.fledermauszug-deutschland.de\/index.php\/wp-json\/wp\/v2\/users\/1"}],"replies":[{"embeddable":true,"href":"https:\/\/www.fledermauszug-deutschland.de\/index.php\/wp-json\/wp\/v2\/comments?post=58"}],"version-history":[{"count":6,"href":"https:\/\/www.fledermauszug-deutschland.de\/index.php\/wp-json\/wp\/v2\/pages\/58\/revisions"}],"predecessor-version":[{"id":729,"href":"https:\/\/www.fledermauszug-deutschland.de\/index.php\/wp-json\/wp\/v2\/pages\/58\/revisions\/729"}],"up":[{"embeddable":true,"href":"https:\/\/www.fledermauszug-deutschland.de\/index.php\/wp-json\/wp\/v2\/pages\/233"}],"wp:attachment":[{"href":"https:\/\/www.fledermauszug-deutschland.de\/index.php\/wp-json\/wp\/v2\/media?parent=58"}],"curies":[{"name":"wp","href":"https:\/\/api.w.org\/{rel}","templated":true}]}}